{"id":4,"date":"2013-03-03T19:28:33","date_gmt":"2013-03-03T17:28:33","guid":{"rendered":"http:\/\/md-tuning:81\/news\/?page_id=4"},"modified":"2023-01-26T11:47:37","modified_gmt":"2023-01-26T10:47:37","slug":"uber-uns","status":"publish","type":"page","link":"https:\/\/www.reifentiefpreis.de\/news\/uber-uns\/","title":{"rendered":"\u00dcber uns &#8211; Reifentiefpreis"},"content":{"rendered":"\n<h1>Reifentiefpreis &#8211; Der Blog zum Reifen<\/h1>\n\n\n\n<p>Das Unternehmen \u201e<strong>MD-Tuning<\/strong>\u201c wurde 1997 gegr\u00fcndet. Wir betreiben seit dem die Onlineshops\u00a0Reifentiefpreis.de\u00a0und\u00a0MD-Tuning.de. Mit \u00fcber 50.000 Kunden pro Jahr geh\u00f6ren wir zu den in Deutschland gr\u00f6\u00dften Versendern von Reifen und Autoteilen.<\/p>\n\n\n\n<p>Das Unternehmen kann auf mehr als\u00a0<strong>25 Jahre<\/strong>\u00a0Erfahrungen im\u00a0<strong>Reifenhandel<\/strong>\u00a0zur\u00fcckblicken. W\u00e4hrend dieser Zeit wurden viele Erfahrungen mit Kunden gewonnen. Auf der Basis dieser Kundenanalyse wurden die Arbeiten und Serviceleistungen ausgerichtet und j\u00e4hrlich verbessert.<\/p>\n\n\n<div class=\"wp-block-image size-full wp-image-66 is-style-rounded\">\n<figure class=\"aligncenter is-resized\"><img decoding=\"async\" loading=\"lazy\" src=\"https:\/\/www.reifentiefpreis.de\/news\/wp-content\/uploads\/2013\/03\/mitarbeiterfoto1.jpg\" alt=\"Reifentiefpreis.de\" class=\"wp-image-66\" width=\"112\" height=\"75\"\/><figcaption class=\"wp-element-caption\">Mario Deinert<\/figcaption><\/figure><\/div>\n\n\n<p class=\"has-text-align-left\">Mario Deinert ist seit mehr als 15 Jahren im Reifengesch\u00e4ft unterwegs. Begonnen hat es mit einem kleinem Tuning-Gesch\u00e4ft, welches von einer kleinen Werkstatt begleitet wurde. Mit dem Internet besch\u00e4ftigte sich Herr Deinert ab dem Jahre 1998. Mit dem Tuning-Onlineshop www.md-tuning.de ging er online. Mit mehr als 100.000 Tuningartikeln hebte er sich damals schon stark von der Konkurrenz ab.<\/p>\n\n\n\n<h2>Reifenshop &#8211; Reifen online g\u00fcnstig kaufen<\/h2>\n\n\n\n<p>Schnell erkannte er, dass f\u00fcr das Reifengesch\u00e4ft ein extra Gesch\u00e4ftsfeld aufgebaut werden muss. So entschloss er sich, die Website: Reifentiefpreis.de zu erstellen um den Reifenkauf f\u00fcr das Internet einfach und unkompliziert f\u00fcr die Endkunden abwickeln zu k\u00f6nnen.<\/p>\n\n\n\n<p>Seit dem entwickelt sich das Online-Reifengesch\u00e4ft immer weiter. Das jahrelange Feedback der Kunden tr\u00e4gt dazu bei, die Pr\u00e4sentation des Reifenshops f\u00fcr den Kunden Schritt f\u00fcr Schritt weiter zu optimieren.<\/p>\n\n\n\n<p>Bis heute kann man sagen, dass all diese Informationen in das neue System eingeflossen sind. Auch hinter den Kulissen wurde viel getan um reibungslose Onlinek\u00e4ufe abwickeln zu k\u00f6nnen und immer stets f\u00fcr die Kunden da zu sein.<\/p>\n\n\n\n<p>Mit einem Reifenlager und einer Werkstatt\u00a0profitieren\u00a0auch die Kunden vor Ort von seit 1997 von dem Reifengesch\u00e4ft. Alle von uns hier angebotenen Kompl\u00e4ttr\u00e4der werden von uns pers\u00f6nlich aufgezogen, gewuchtet und mit korrektem Luftdruck versehen. Nur so stellen wir sicher, dass wir dem Kunden ein ordentliches Komplettrad liefern.<\/p>\n\n\n\n<figure class=\"wp-block-image size-large\"><a href=\"https:\/\/www.reifentiefpreis.de\/news\/wp-content\/uploads\/2023\/01\/25-Jahre-MD-Tuning-scaled.jpg\"><img decoding=\"async\" loading=\"lazy\" width=\"1024\" height=\"879\" src=\"https:\/\/www.reifentiefpreis.de\/news\/wp-content\/uploads\/2023\/01\/25-Jahre-MD-Tuning-1024x879.jpg\" alt=\"25 Jahre Reifenhandel\" class=\"wp-image-1787\" srcset=\"https:\/\/www.reifentiefpreis.de\/news\/wp-content\/uploads\/2023\/01\/25-Jahre-MD-Tuning-1024x879.jpg 1024w, https:\/\/www.reifentiefpreis.de\/news\/wp-content\/uploads\/2023\/01\/25-Jahre-MD-Tuning-300x257.jpg 300w, https:\/\/www.reifentiefpreis.de\/news\/wp-content\/uploads\/2023\/01\/25-Jahre-MD-Tuning-768x659.jpg 768w, https:\/\/www.reifentiefpreis.de\/news\/wp-content\/uploads\/2023\/01\/25-Jahre-MD-Tuning-1536x1318.jpg 1536w, https:\/\/www.reifentiefpreis.de\/news\/wp-content\/uploads\/2023\/01\/25-Jahre-MD-Tuning-2048x1758.jpg 2048w, https:\/\/www.reifentiefpreis.de\/news\/wp-content\/uploads\/2023\/01\/25-Jahre-MD-Tuning-580x498.jpg 580w\" sizes=\"(max-width: 1024px) 100vw, 1024px\" \/><\/a><\/figure>\n","protected":false},"excerpt":{"rendered":"<p>Reifentiefpreis &#8211; Der Blog zum Reifen Das Unternehmen \u201eMD-Tuning\u201c wurde 1997 gegr\u00fcndet. Wir betreiben seit dem die Onlineshops\u00a0Reifentiefpreis.de\u00a0und\u00a0MD-Tuning.de. Mit \u00fcber 50.000 Kunden pro Jahr geh\u00f6ren wir zu den in Deutschland gr\u00f6\u00dften Versendern von Reifen und Autoteilen. Das Unternehmen kann auf mehr als\u00a025 Jahre\u00a0Erfahrungen im\u00a0Reifenhandel\u00a0zur\u00fcckblicken. W\u00e4hrend dieser Zeit wurden viele Erfahrungen mit Kunden gewonnen. Auf der Basis dieser Kundenanalyse wurden die Arbeiten und Serviceleistungen ausgerichtet und j\u00e4hrlich verbessert. Mario Deinert ist seit mehr als 15 Jahren im Reifengesch\u00e4ft unterwegs. Begonnen hat es mit einem kleinem Tuning-Gesch\u00e4ft, welches von einer kleinen Werkstatt begleitet wurde. Mit dem Internet besch\u00e4ftigte sich Herr Deinert ab dem Jahre 1998. Mit dem Tuning-Onlineshop www.md-tuning.de ging er online. Mit mehr als 100.000 Tuningartikeln hebte er sich damals schon stark von der Konkurrenz ab. Reifenshop &#8211; Reifen online g\u00fcnstig kaufen Schnell erkannte er, dass f\u00fcr das Reifengesch\u00e4ft ein extra Gesch\u00e4ftsfeld aufgebaut werden muss. So entschloss er sich, die Website: Reifentiefpreis.de zu erstellen um den Reifenkauf f\u00fcr das Internet einfach und unkompliziert f\u00fcr die Endkunden abwickeln zu k\u00f6nnen. Seit dem entwickelt sich das Online-Reifengesch\u00e4ft immer weiter. Das jahrelange Feedback der Kunden tr\u00e4gt dazu bei, die Pr\u00e4sentation des Reifenshops f\u00fcr den Kunden Schritt f\u00fcr Schritt weiter zu optimieren. Bis heute kann [&hellip;]<\/p>\n","protected":false},"author":1,"featured_media":0,"parent":0,"menu_order":0,"comment_status":"open","ping_status":"open","template":"","meta":{"jetpack_post_was_ever_published":false},"yoast_head":"<!-- This site is optimized with the Yoast SEO plugin v21.1 - https:\/\/yoast.com\/wordpress\/plugins\/seo\/ -->\n<title>Reifentiefpreis - Infoblog zum Thema Reifen im Internet<\/title>\n<meta name=\"description\" content=\"Reifentiefpreis - Infoblog zum Thema &quot;online g\u00fcnstig Reifen kaufen&quot;. Mario Deinert verkauft Reifen auch online im Shop seit \u00fcber 15 Jahren.\" \/>\n<meta name=\"robots\" content=\"index, follow, max-snippet:-1, max-image-preview:large, max-video-preview:-1\" \/>\n<link rel=\"canonical\" href=\"https:\/\/www.reifentiefpreis.de\/news\/uber-uns\/\" \/>\n<meta property=\"og:locale\" content=\"de_DE\" \/>\n<meta property=\"og:type\" content=\"article\" \/>\n<meta property=\"og:title\" content=\"Reifentiefpreis - Infoblog zum Thema Reifen im Internet\" \/>\n<meta property=\"og:description\" content=\"Reifentiefpreis - Infoblog zum Thema &quot;online g\u00fcnstig Reifen kaufen&quot;. Mario Deinert verkauft Reifen auch online im Shop seit \u00fcber 15 Jahren.\" \/>\n<meta property=\"og:url\" content=\"https:\/\/www.reifentiefpreis.de\/news\/uber-uns\/\" \/>\n<meta property=\"og:site_name\" content=\"Reifenblog\" \/>\n<meta property=\"article:modified_time\" content=\"2023-01-26T10:47:37+00:00\" \/>\n<meta property=\"og:image\" content=\"https:\/\/www.reifentiefpreis.de\/news\/wp-content\/uploads\/2013\/03\/mitarbeiterfoto1.jpg\" \/>\n<meta name=\"twitter:label1\" content=\"Gesch\u00e4tzte Lesezeit\" \/>\n\t<meta name=\"twitter:data1\" content=\"3\u00a0Minuten\" \/>\n<script type=\"application\/ld+json\" class=\"yoast-schema-graph\">{\"@context\":\"https:\/\/schema.org\",\"@graph\":[{\"@type\":\"WebPage\",\"@id\":\"https:\/\/www.reifentiefpreis.de\/news\/uber-uns\/\",\"url\":\"https:\/\/www.reifentiefpreis.de\/news\/uber-uns\/\",\"name\":\"Reifentiefpreis - Infoblog zum Thema Reifen im Internet\",\"isPartOf\":{\"@id\":\"https:\/\/www.reifentiefpreis.de\/news\/#website\"},\"datePublished\":\"2013-03-03T17:28:33+00:00\",\"dateModified\":\"2023-01-26T10:47:37+00:00\",\"description\":\"Reifentiefpreis - Infoblog zum Thema \\\"online g\u00fcnstig Reifen kaufen\\\". Mario Deinert verkauft Reifen auch online im Shop seit \u00fcber 15 Jahren.\",\"breadcrumb\":{\"@id\":\"https:\/\/www.reifentiefpreis.de\/news\/uber-uns\/#breadcrumb\"},\"inLanguage\":\"de\",\"potentialAction\":[{\"@type\":\"ReadAction\",\"target\":[\"https:\/\/www.reifentiefpreis.de\/news\/uber-uns\/\"]}]},{\"@type\":\"BreadcrumbList\",\"@id\":\"https:\/\/www.reifentiefpreis.de\/news\/uber-uns\/#breadcrumb\",\"itemListElement\":[{\"@type\":\"ListItem\",\"position\":1,\"name\":\"Home\",\"item\":\"https:\/\/www.reifentiefpreis.de\/news\/\"},{\"@type\":\"ListItem\",\"position\":2,\"name\":\"\u00dcber uns &#8211; Reifentiefpreis\"}]},{\"@type\":\"WebSite\",\"@id\":\"https:\/\/www.reifentiefpreis.de\/news\/#website\",\"url\":\"https:\/\/www.reifentiefpreis.de\/news\/\",\"name\":\"Reifenblog\",\"description\":\"Reifen g\u00fcnstig online kaufen. Der Reifenblog von ReifenTiefPreis.de zum Thema Reifen im Internet kaufen.\",\"potentialAction\":[{\"@type\":\"SearchAction\",\"target\":{\"@type\":\"EntryPoint\",\"urlTemplate\":\"https:\/\/www.reifentiefpreis.de\/news\/?s={search_term_string}\"},\"query-input\":\"required name=search_term_string\"}],\"inLanguage\":\"de\"}]}<\/script>\n<!-- \/ Yoast SEO plugin. -->","yoast_head_json":{"title":"Reifentiefpreis - Infoblog zum Thema Reifen im Internet","description":"Reifentiefpreis - Infoblog zum Thema \"online g\u00fcnstig Reifen kaufen\". Mario Deinert verkauft Reifen auch online im Shop seit \u00fcber 15 Jahren.","robots":{"index":"index","follow":"follow","max-snippet":"max-snippet:-1","max-image-preview":"max-image-preview:large","max-video-preview":"max-video-preview:-1"},"canonical":"https:\/\/www.reifentiefpreis.de\/news\/uber-uns\/","og_locale":"de_DE","og_type":"article","og_title":"Reifentiefpreis - Infoblog zum Thema Reifen im Internet","og_description":"Reifentiefpreis - Infoblog zum Thema \"online g\u00fcnstig Reifen kaufen\". Mario Deinert verkauft Reifen auch online im Shop seit \u00fcber 15 Jahren.","og_url":"https:\/\/www.reifentiefpreis.de\/news\/uber-uns\/","og_site_name":"Reifenblog","article_modified_time":"2023-01-26T10:47:37+00:00","og_image":[{"url":"https:\/\/www.reifentiefpreis.de\/news\/wp-content\/uploads\/2013\/03\/mitarbeiterfoto1.jpg"}],"twitter_misc":{"Gesch\u00e4tzte Lesezeit":"3\u00a0Minuten"},"schema":{"@context":"https:\/\/schema.org","@graph":[{"@type":"WebPage","@id":"https:\/\/www.reifentiefpreis.de\/news\/uber-uns\/","url":"https:\/\/www.reifentiefpreis.de\/news\/uber-uns\/","name":"Reifentiefpreis - Infoblog zum Thema Reifen im Internet","isPartOf":{"@id":"https:\/\/www.reifentiefpreis.de\/news\/#website"},"datePublished":"2013-03-03T17:28:33+00:00","dateModified":"2023-01-26T10:47:37+00:00","description":"Reifentiefpreis - Infoblog zum Thema \"online g\u00fcnstig Reifen kaufen\". Mario Deinert verkauft Reifen auch online im Shop seit \u00fcber 15 Jahren.","breadcrumb":{"@id":"https:\/\/www.reifentiefpreis.de\/news\/uber-uns\/#breadcrumb"},"inLanguage":"de","potentialAction":[{"@type":"ReadAction","target":["https:\/\/www.reifentiefpreis.de\/news\/uber-uns\/"]}]},{"@type":"BreadcrumbList","@id":"https:\/\/www.reifentiefpreis.de\/news\/uber-uns\/#breadcrumb","itemListElement":[{"@type":"ListItem","position":1,"name":"Home","item":"https:\/\/www.reifentiefpreis.de\/news\/"},{"@type":"ListItem","position":2,"name":"\u00dcber uns &#8211; Reifentiefpreis"}]},{"@type":"WebSite","@id":"https:\/\/www.reifentiefpreis.de\/news\/#website","url":"https:\/\/www.reifentiefpreis.de\/news\/","name":"Reifenblog","description":"Reifen g\u00fcnstig online kaufen. Der Reifenblog von ReifenTiefPreis.de zum Thema Reifen im Internet kaufen.","potentialAction":[{"@type":"SearchAction","target":{"@type":"EntryPoint","urlTemplate":"https:\/\/www.reifentiefpreis.de\/news\/?s={search_term_string}"},"query-input":"required name=search_term_string"}],"inLanguage":"de"}]}},"jetpack_sharing_enabled":false,"jetpack_shortlink":"https:\/\/wp.me\/P3eSat-4","_links":{"self":[{"href":"https:\/\/www.reifentiefpreis.de\/news\/wp-json\/wp\/v2\/pages\/4"}],"collection":[{"href":"https:\/\/www.reifentiefpreis.de\/news\/wp-json\/wp\/v2\/pages"}],"about":[{"href":"https:\/\/www.reifentiefpreis.de\/news\/wp-json\/wp\/v2\/types\/page"}],"author":[{"embeddable":true,"href":"https:\/\/www.reifentiefpreis.de\/news\/wp-json\/wp\/v2\/users\/1"}],"replies":[{"embeddable":true,"href":"https:\/\/www.reifentiefpreis.de\/news\/wp-json\/wp\/v2\/comments?post=4"}],"version-history":[{"count":32,"href":"https:\/\/www.reifentiefpreis.de\/news\/wp-json\/wp\/v2\/pages\/4\/revisions"}],"predecessor-version":[{"id":1806,"href":"https:\/\/www.reifentiefpreis.de\/news\/wp-json\/wp\/v2\/pages\/4\/revisions\/1806"}],"wp:attachment":[{"href":"https:\/\/www.reifentiefpreis.de\/news\/wp-json\/wp\/v2\/media?parent=4"}],"curies":[{"name":"wp","href":"https:\/\/api.w.org\/{rel}","templated":true}]}}